 7, 23, 47, 419
What are the prime factors of 41827859?
587, 71257
What are the prime factors of 3928707494?
2, 41, 101, 293, 1619
List the prime factors of 439531305.
3, 5, 29302087
List the prime factors of 15784275.
3, 5, 13, 16189
List the prime factors of 856256872.
2, 131, 817039
What are the prime factors of 65602376?
2, 7, 113, 1481
What are the prime factors of 1899841168?
2, 118740073
What are the prime factors of 499729880?
2, 5, 13, 239, 4021
What are the prime factors of 2708377238?
2, 7, 13339, 14503
List the prime factors of 14740293.
3, 1039, 4729
List the prime factors of 26287720.
2, 5, 657193
List the prime factors of 3372072106.
2, 13, 53, 2447077
What are the prime factors of 137549978?
2, 68774989
What are the prime factors of 663063952?
2, 127, 151, 2161
What are the prime factors of 118840621?
307, 521, 743
What are the prime factors of 30928301?
89, 347509
List the prime factors of 790171016.
2, 17, 5810081
List the prime factors of 88463747.
88463747
What are the prime factors of 31561677?
3, 7, 41, 4073
What are the prime factors of 85651911?
3, 41, 8597
What are the prime factors of 785744861?
11, 257, 499, 557
List the prime factors of 595153161.
3, 67, 811, 1217
What are the prime factors of 25387862?
2, 12693931
List the prime factors of 12128168.
2, 13, 277, 421
List the prime factors of 10745785.
5, 17, 126421
What are the prime factors of 2346109489?
2346109489
List the prime factors of 76719408.
2, 3, 53, 569
What are the prime factors of 8277566?
2, 11, 37, 10169
List the prime factors of 27569248.
2, 7, 123077
What are the prime factors of 270650065?
5, 7, 53, 145903
What are the prime factors of 300612548?
2, 75153137
List the prime factors of 5097656264.
2, 637207033
List the prime factors of 265779988.
2, 31, 89, 24083
List the prime factors of 175541082.
2, 3, 17, 1720991
List the prime factors of 66537419.
13, 53, 269, 359
What are the prime factors of 3564987671?
7, 4373, 116461
What are the prime factors of 6046394778?
2, 3, 335910821
List the prime factors of 80930637.
3, 89, 33679
List the prime factors of 38229739.
3001, 12739
List the prime factors of 481060398.
2, 3, 7, 13, 311, 2833
What are the prime factors of 1236755306?
2, 618377653
What are the prime factors of 1223691047?
29, 37, 1140439
What are the prime factors of 616780900?
2, 5, 6167809
What are the prime factors of 5529485693?
3547, 1558919
List the prime factors of 106357835.
5, 21271567
What are the prime factors of 4019169820?
2, 5, 431, 466261
What are the prime factors of 144849331?
11, 19, 23, 30133
List the prime factors of 524666099.
2441, 214939
List the prime factors of 30789046.
2, 67, 229769
What are the prime factors of 32840085?
3, 5, 2189339
What are the prime factors of 548979438?
2, 3, 7, 967, 1931
List the prime factors of 9859341.
3, 23, 43, 3323
What are the prime factors of 1335867718?
2, 17, 39290227
List the prime factors of 298001720.
2, 5, 7450043
List the prime factors of 1828621471.
2053, 890707
What are the prime factors of 149291475?
3, 5, 1990553
List the prime factors of 267723704.
2, 73, 617, 743
What are the prime factors of 1057963110?
2, 3, 5, 35265437
What are the prime factors of 31059884?
2, 17, 456763
List the prime factors of 1112426198.
2, 13, 42785623
List the prime factors of 63337074.
2, 3, 10556179
What are the prime factors of 66051335?
5, 7, 1887181
List the prime factors of 698182244.
2, 167, 1045183
What are the prime factors of 28891676?
2, 11, 269, 2441
What are the prime factors of 154417318?
2, 11, 7018969
What are the prime factors of 138587632?
2, 8661727
What are the prime factors of 146097465?
3, 5, 79, 123289
What are the prime factors of 33510159?
3, 181, 6857
What are the prime factors of 183228834?
2, 3, 181, 168719
List the prime factors of 52226800.
2, 5, 59, 2213
List the prime factors of 1063158330.
2, 3, 5, 13, 31, 47, 1871
List the prime factors of 165557465.
5, 2143, 15451
List the prime factors of 145891706.
2, 72945853
What are the prime factors of 29571999?
3, 19, 518807
List the prime factors of 37948291.
37948291
List the prime factors of 80134926.
2, 3, 607, 22003
List the prime factors of 1731697124.
2, 701, 881
What are the prime factors of 11179720?
2, 5, 277, 1009
What are the prime factors of 260288446?
2, 11, 11831293
What are the prime factors of 2559386603?
337, 7594619
List the prime factors of 528426890.
2, 5, 197, 268237
List the prime factors of 228225764.
2, 13, 83, 52879
What are the prime factors of 73244676?
2, 3, 353, 17291
List the prime factors of 41892533.
107, 391519
What are the prime factors of 276439921?
23, 1249, 9623
List the prime factors of 24557038.
2, 11, 1116229
What are the prime factors of 25402868?
2, 37, 171641
What are the prime factors of 50287542?
2, 3, 83, 241, 419
What are the prime factors of 626671756?
2, 19, 163, 50587
What are the prime factors of 2365549388?
2, 17, 2046323
List the prime factors of 550342136.
2, 68792767
List the prime factors of 163018618.
2, 7, 23, 506269
List the prime factors of 20399381.
2903, 7027
List the prime factors of 17227437.
3, 23, 61, 4093
List the prime factors of 1318832641.
7, 151, 8263
List the prime factors of 36461994.
2, 3, 157, 38707
List the prime factors of 518442402.
2, 3, 23, 83, 45263
List the prime factors of 2430801.
3, 23, 11743
What are the prime factors of 216093791?
43, 5025437
List the prime factors of 5386734362.
2, 83, 307, 105701
What are the prime factors of 88673758?
2, 101, 438979
What are the prime factors of 508992484?
2, 7, 11, 13, 23, 5527
What are the prime factors of 80823484?
2, 7, 2886553
List the prime factors of 11354021.
7, 43, 67, 563
List the prime factors of 71638293.
3, 47, 508073
List the prime factors of 264518541.
3, 7, 29, 16087
List the prime factors of 408730016.
2, 67, 190639
What are the prime factors of 28170311?
13, 2166947
What are the prime factors of 2949682199?
137, 21530527
List the prime factors of 234188676.
2, 3, 2293, 2837
What are the prime factors of 107368766?
2, 53684383
List the prime factors of 87330509.
7, 181, 68927
What are the prime factors of 11794315?
5, 13, 421, 431
List the prime factors of 276658559.
23, 1409, 8537
List the prime factors of 22093053.
3, 7364351
List the prime factors of 13846773.
3, 227, 20333
List the prime factors of 43113907.
19, 43, 113, 467
List the prime factors of 46302573.
3, 15434191
List the prime factors of 81974709.
3, 1301, 7001
What are the prime factors of 666128815?
5, 11, 12111433
What are the prime factors of 769519881?
3, 13, 6577093
List the prime factors of 66470233.
29, 173, 13249
List the prime factors of 623395538.
2, 12109, 25741
What are the prime factors of 23566027?
101, 233327
List the prime factors of 84771755.
5, 1949, 8699
List the prime factors of 1272643498.
2, 7, 23, 3952309
List the prime factors of 57308334.
2, 3, 9551389
List the prime factors of 60688206.
2, 3, 229, 14723
What are the prime factors of 1971936803?
331, 5957513
What are the prime factors of 182093463?
3, 47, 73, 5897
What are the prime factors of 187529218?
2, 163, 575243
List the prime factors of 67902770.
2, 5, 13, 19, 37, 743
What are the prime factors of 123775320?
2, 3, 5, 1031461
What are the prime factors of 609092115?
3, 5, 101, 337, 1193
What are the prime factors of 4541790630?
2, 3, 5, 13, 29, 73, 5501
What are the prime factors of 227514941?
137, 479, 3467
What are the prime factors of 504357167?
487, 1035641
What are the prime factors of 45373994?
2, 179, 126743
What are the prime factors of 998484373?
163, 6125671
List the prime factors of 125658688.
2, 109, 18013
What are the prime factors of 36742000?
2, 5, 18371
What are the prime factors of 95640985?
5, 11, 29, 61, 983
What are the prime factors of 31680905?
5, 29, 41, 73
List the prime factors of 458935077.
3, 17, 23, 391249
What are the prime factors of 1757820031?
11, 4549, 35129
What are the prime factors of 55950836?
2, 103, 139, 977
What are the prime factors of 2003136936?
2, 3, 73, 887, 1289
List the prime factors of 248450011.
61, 4072951
What are the prime factors of 34696870?
2, 5, 13, 266899
List the prime factors of 88732995.
3, 5, 13, 127, 3583
What are the prime factors of 19479728?
2, 1217483
List the p